{"id":141,"date":"2014-05-08T14:29:46","date_gmt":"2014-05-08T14:29:46","guid":{"rendered":"http:\/\/localhost\/wordpress\/?page_id=141"},"modified":"2020-02-03T23:05:14","modified_gmt":"2020-02-03T22:05:14","slug":"organigrama","status":"publish","type":"page","link":"https:\/\/www.clubpical.es\/?page_id=141","title":{"rendered":"Organigrama"},"content":{"rendered":"<p><strong>La Junta Directiva:<\/strong><\/p>\n<h1><strong>Presidente<\/strong><\/h1>\n<p><a href=\"http:\/\/www.clubpical.es\/wp-content\/uploads\/2014\/05\/presiuu4.jpg\"><img loading=\"lazy\" decoding=\"async\" class=\"alignnone size-full wp-image-143\" src=\"http:\/\/www.clubpical.es\/wp-content\/uploads\/2014\/05\/presiuu4.jpg\" alt=\"\" width=\"100\" height=\"131\" \/><\/a><\/p>\n<p>Javier Mart\u00ednez Beltr\u00e1n<\/p>\n<p><a href=\"mailto:presidente@clubpical.es\" target=\"_blank\" rel=\"nofollow noopener noreferrer\">presidente@clubpical.es<\/a><\/p>\n<h1><strong>Vicepresidente<\/strong><\/h1>\n<p><a href=\"http:\/\/www.clubpical.es\/wp-content\/uploads\/2014\/05\/vicepig7.jpg\"><img loading=\"lazy\" decoding=\"async\" class=\"alignnone size-full wp-image-145\" src=\"http:\/\/www.clubpical.es\/wp-content\/uploads\/2014\/05\/vicepig7.jpg\" alt=\"\" width=\"100\" height=\"142\" \/><\/a><\/p>\n<p>Rafael Carranza Blanco<\/p>\n<p><a href=\"mailto:vicepresidente@clubpical.es\" target=\"_blank\" rel=\"noopener noreferrer\">vicepresidente@clubpical.es<\/a><\/p>\n<h1><strong>Tesorero<\/strong><\/h1>\n<p>Juan-Carlos Costilla Perib\u00e1\u00f1ez<\/p>\n<p><a href=\"mailto:tesorero@clubpical.es\" target=\"_blank\" rel=\"nofollow noopener noreferrer\">tesorero@clubpical.es<\/a><\/p>\n<p>Encargado del apartado econ\u00f3mico.<\/p>\n<h1><strong>Secretario<\/strong><\/h1>\n<p>Miguel Fern\u00e1ndez Sanz<\/p>\n<p><a href=\"mailto:secretario@clubpical.es\" target=\"_blank\" rel=\"nofollow noopener noreferrer\">secretario@clubpical.es<\/a><\/p>\n<p>Encargado de la documentaci\u00f3n y base de datos del club.<\/p>\n<p>En nuestro club existen\u00a0<strong>Delegados y Subdelegados de las diferentes modalidades<\/strong>:<\/p>\n<h1><strong>Delegado F1 El\u00e9ctrico y Le Mans<br \/>\n<\/strong><\/h1>\n<p>Miguel Fern\u00e1ndez Sanz<\/p>\n<h1><strong>Delegado Touring El\u00e9ctrico<br \/>\n<\/strong><\/h1>\n<p>Javier Basante Cantalapiedra<\/p>\n<h1><strong>Delegado Todo Terreno<br \/>\n<\/strong><\/h1>\n<p>Manuel Villa Posadas<\/p>\n<h1><strong>Delegado PICAL Cup Series<br \/>\n<\/strong><\/h1>\n<p>Gerardo Molleda Monge<\/p>\n<h1><strong>Webmaster<\/strong><\/h1>\n<p>Miguel Fern\u00e1ndez Sanz<\/p>\n<p><a href=\"mailto:webmaster@clubpical.es\" target=\"_blank\" rel=\"noopener noreferrer\">webmaster@clubpical.es<\/a><\/p>\n","protected":false},"excerpt":{"rendered":"<p>La Junta Directiva: Presidente Javier Mart\u00ednez Beltr\u00e1n presidente@clubpical.es Vicepresidente Rafael Carranza Blanco vicepresidente@clubpical.es Tesorero Juan-Carlos Costilla Perib\u00e1\u00f1ez tesorero@clubpical.es Encargado del apartado econ\u00f3mico. Secretario Miguel Fern\u00e1ndez Sanz secretario@clubpical.es Encargado de la documentaci\u00f3n y base de datos del club. En nuestro club&#8230;<br \/><a class=\"read-more-button\" href=\"https:\/\/www.clubpical.es\/?page_id=141\">Leer m\u00e1s<\/a><\/p>\n","protected":false},"author":13,"featured_media":0,"parent":117,"menu_order":0,"comment_status":"closed","ping_status":"closed","template":"","meta":{"footnotes":""},"class_list":["post-141","page","type-page","status-publish","hentry"],"_links":{"self":[{"href":"https:\/\/www.clubpical.es\/index.php?rest_route=\/wp\/v2\/pages\/141","targetHints":{"allow":["GET"]}}],"collection":[{"href":"https:\/\/www.clubpical.es\/index.php?rest_route=\/wp\/v2\/pages"}],"about":[{"href":"https:\/\/www.clubpical.es\/index.php?rest_route=\/wp\/v2\/types\/page"}],"author":[{"embeddable":true,"href":"https:\/\/www.clubpical.es\/index.php?rest_route=\/wp\/v2\/users\/13"}],"replies":[{"embeddable":true,"href":"https:\/\/www.clubpical.es\/index.php?rest_route=%2Fwp%2Fv2%2Fcomments&post=141"}],"version-history":[{"count":0,"href":"https:\/\/www.clubpical.es\/index.php?rest_route=\/wp\/v2\/pages\/141\/revisions"}],"up":[{"embeddable":true,"href":"https:\/\/www.clubpical.es\/index.php?rest_route=\/wp\/v2\/pages\/117"}],"wp:attachment":[{"href":"https:\/\/www.clubpical.es\/index.php?rest_route=%2Fwp%2Fv2%2Fmedia&parent=141"}],"curies":[{"name":"wp","href":"https:\/\/api.w.org\/{rel}","templated":true}]}}